14. Let y = -24 - -40. Suppose -p = -t*u + 19, -p + y = -0*p + 3*u. Let l(z) = -7*z. Calculate l(p).
-7
Let b(j) = -36 + 55 - 23 + 3*j + 3*j. Give b(-5).
-34
Let o(x) = 142*x**3 + 2*x**2 + 5*x**2 - 141*x**3 - x - 7. What is o(-7)?
0
Let v(f) = -f. Suppose 3*q = -2*y - 17, y + q = -0*q - 6. Let r(u) be the third derivative of u**4/6 - 5*u**2. Let i(d) = y*r(d) - 3*v(d). What is i(-5)?
5
Let x be 12/(-30) - (-54)/10. Let w(v) = -v**2 + 2*v**2 + v - 2*v**2 + 2*v. Calculate w(x).
-10
Let m(d) = 0*d**2 + 3 + 4*d - 3*d - d**2. Let t be -1 - (-4)/3*3. Suppose t*y - 3 = 9. Determine m(y).
-9
Let v = 15 + -12. Suppose -k = 5*y - 12, 5*y = k + v + 5. Suppose 0*o - k*o = -10. Let j(q) = q**3 - 5*q**2 + q - 5. What is j(o)?
0
Let f(r) = r**2 - 2*r - 1. Let s be f(-1). Suppose -t - 4 = l, l + 12 = -3*t + s. Let b(p) be the second derivative of -7*p**5/20 - p**4/12 + 737*p. Give b(l).
6
Let i(h) = 8*h. Suppose 0*t = -5*t. Suppose 0 = 5*b - u - 6, t = 5*b - 2*b + u - 10. Suppose 4*p + 0*p - n + 6 = 0, 0 = 3*p + b*n - 1. Determine i(p).
-8
Let p(o) = o**3 - 3*o**2 - 3*o + 4. Let l = 285 + -281. Calculate p(l).
8
Let p(d) = -d**2 - 2*d - 15. Let w be p(-5). Let z = -35 - w. Let s(a) = 6*a - 3 + 5 + a**2 - 1. What is s(z)?
-4
Let k(n) = -10*n**2 + 19*n - 6. Let z(o) = -9*o**2 + 15*o - 5. Let x(t) = -5*k(t) + 6*z(t). Give x(-4).
-44
Let i = -16 + 20. Let p be 0 + (0 - 3) - -4. Let y(h) = -h. Let j(g) = g**2 - 8*g - 3. Let a(n) = p*j(n) - 6*y(n). Give a(i).
5
Let a(m) = -m**3 + 7*m**2 - 2*m - 2. Suppose 18 = 79*r - 76*r. Give a(r).
22
Let k = -64 - -44. Let g = -174 + 178. Let i be (-11)/(-5) + g/k. Let j(b) = -3*b + 3. Determine j(i).
-3
Suppose 18*s - 1 = 323. Let m(o) = o - 20. Determine m(s).
-2
Let g be (-1 + (-28)/(-8))/((-5)/(-4)). Let d(m) = 4*m - m**g + 0*m - 7 + 2*m. Suppose j = -j + 10. What is d(j)?
-2
Let k = -4 + 12. Suppose 2*z - k = z. Suppose -5*o = -z - 2. Let y(s) = s**3 - 2*s**2 + 3*s. Give y(o).
6
Let k(p) = 10*p. Let d be k(1). Let o(t) be the second derivative of t**3/6 - 13*t**2/2 + t. Let x be o(d). Let a(w) = -2*w**2 - 5*w - 4. Calculate a(x).
-7
Let y(d) = d - 16. Suppose -3*f - 4*c = -2*c - 27, -f - 4*c + 19 = 0. Give y(f).
-9
Let i = -58 - -22. Let d = i + 28. Let p(o) = -o**2 - 7*o + 8. What is p(d)?
0
Let z be 2/5 - 36/15. Let s(o) be the second derivative of o**2 + 1/6*o**3 + 0 + 36*o - 1/12*o**4. Determine s(z).
-4
Let a be (3 + -1 + 7)*2. Suppose -3*o + a = 4*q - 0*o, -5*q = -4*o - 7. Let n(k) = 7 + k**q + 7 - 12 + 2*k + 4*k**2. Give n(-3).
5
Let c(h) = h**2 + 112*h - 1. Let t(q) = -10*q**2 - 672*q + 5. Let m(l) = 6*c(l) + t(l). Let w = 1 + 0. Give m(w).
-5
Let y = 78 + -63. Let b(z) = -z + 11 + y - 36 + 11. Give b(2).
-1
Let a(c) = -c**2 + 6*c. Let t be a(6). Let r(o) = -o - 4. Let y be r(-6). Let f(n) = 5*n**2 - 2 - y*n + t*n + 3 + 5*n**2. Calculate f(1).
9
Let u(i) be the third derivative of -i**4/24 + 3*i**3/2 + 7*i**2. Let l be u(8). Let r(y) = l + 0*y + 4 - 2 + 2*y. Give r(-3).
-3
Let l(j) be the second derivative of 23*j**4/12 - 5*j**3/6 - j**2 - 9*j. Let q(a) = -12*a**2 + 3*a + 1. Let f(u) = 3*l(u) + 5*q(u). Calculate f(1).
8
Let s(a) be the second derivative of a**5/20 - 7*a**4/6 + 7*a**3/3 - 7*a**2/2 - 3*a + 27. Calculate s(13).
6
Suppose -7*p - p + 56 = 0. Suppose v + p + 0 = 2*n, 3*n - 5*v - 21 = 0. Let f(j) = 3*j**2 + j - 1. Give f(n).
13
Let d(r) = -12*r - 2. Suppose -3*t + 20 = -13*t. Give d(t).
22
Let w(g) = 2*g + 2. Let b be w(3). Let p(o) = o**2 + 4*o - 3 + 0*o - b*o. Let y(t) = -2*t - 8. Let x be y(-6). Calculate p(x).
-3
Suppose -36*i = -33*i - 21. Let g(u) = -u**3 + 6*u**2 + 6*u - 10. Determine g(i).
-17
Let i(z) = z - 4. Let j(h) = 4*h - 16. Suppose -a = -3*a + 4. Let d(y) = a*j(y) - 9*i(y). Determine d(-3).
7
Let a(n) = 2*n**2 + 2*n + 2. Let v(u) = -4*u**3 + 7*u**2 + 4*u + 4. Let p(q) = 3*a(q) - v(q). Determine p(-2).
-38
Let l(r) be the third derivative of r**6/120 + r**5/5 - r**4/12 - 4*r**3 - 6*r**2 - 72*r. Give l(-12).
0
Let g = -131 - -155. Let u be (-20)/2*1/(-2). Suppose -o + u = a + 6, 0 = -3*o + 4*a - g. Let z(x) = x**3 + 3*x**2 - 5*x - 3. What is z(o)?
1
Let p(v) = -4*v. Let c be p(-2). Suppose -2*q - c = -4*q. Let d(m) be the first derivative of -m**3/3 + 3*m**2/2 + 16. Give d(q).
-4
Suppose -2*f - b + 35 = -4*b, 2*b = 6. Let u = f - 24. Let d(g) = 4*g**2 + 2*g - 2. Calculate d(u).
10
Let d(r) = r**2 - 5*r - 3. Let f be 3*(-3)/(-18) + (-1)/2. Let o = 7 - f. What is d(o)?
11
Let q be ((-84)/56)/(1/(-2)). Suppose -3*u - q + 12 = 0. Let f(g) = -g**3 + 2*g**2 + 3*g. What is f(u)?
0
Let a(o) be the first derivative of -3*o**2/2 - 2*o - 2. Suppose 12 = 11*u - 10. Determine a(u).
-8
Let f(z) = z - 2. Let y = -292 + 300. Calculate f(y).
6
Let m = -243 + 490. Let i(w) = 4*w**2 - m + 247. Give i(1).
4
Let y(n) = -13*n + 51*n - 39*n + 2. Suppose 4 - 3 = -r. Let m be 1 - (r + 1)*1. Calculate y(m).
1
Let f(a) = -a**3 + 10*a**2 - 6*a - 21. Let t be f(9). Suppose -3*p + 3 = -t. Let b(w) = -w**3 + w**2 + 2*w + 1. Determine b(p).
-11
Let j(z) = -3*z - 3. Let w(d) = 2*d**2 - 13*d - 13. Let o be w(7). What is j(o)?
15
Let v(j) = j**2 - 7*j + 10. Let r = -3 - -3. Let n be (3 + r)*16/12. Suppose n*q = -3*s + 17, 3*s - 5*q = 4*s - 2. What is v(s)?
10
Let n(d) = 2*d**2 - 15*d + 5. Suppose -r - 1 = -3. Let y(j) = -j**r - 1 - 1 + 0 - 5*j + 12*j. Let x(t) = 3*n(t) + 7*y(t). What is x(6)?
-11
Let w(v) = -v**3 - 11*v**2 + v + 16. Let o be w(-11). Let m(t) = -6*t + t**3 - o*t**2 - 2*t - 3 + 10*t. What is m(4)?
-11
Let i(m) = 690*m + 684*m + m**3 - 1377*m + 5*m**2 - 1. What is i(-5)?
14
Let y(h) = h**2 - 7*h + 7. Let b = -15 + 19. Suppose 4*n = 3*q + 17 - b, -3*n + 41 = 4*q. Give y(n).
7
Let o(w) = -9*w**3 + 2*w**2 + 2*w. Let d be o(-1). Let k(z) = 5 - z + d - 5 + 3. What is k(9)?
3
Let h = -1 - -3. Let k(c) = c - 2 + 1 - h. Let b(l) = 72*l**2 + 1302*l + 112. Let x be b(-18). Determine k(x).
1
Suppose 9*i + 126 = 18*i. Suppose -56*u = -54*u - i. Let w(n) = -n**2 + 7*n - 6. Calculate w(u).
-6
Let k(v) = -v**3 - 6*v**2 - 5*v + 7. Let s be (-25)/(-20)*(-2)/5*0. Let h(n) = -n**3 + n**2 - 5*n - 5. Let l be h(s). Determine k(l).
7
Let l(s) be the second derivative of -s**4/12 - 7*s**3/6 + 10*s**2 + 41*s + 3. Give l(-9).
2
Let l(h) = 7*h**3 - 23*h**2 + h + 19. Let g(o) = -o**3 + 7*o**2 + 5*o**2 - 9 + o**3 - o - 4*o**3. Let z(y) = 5*g(y) + 3*l(y). What is z(9)?
-6
Let o(d) be the second derivative of d**5/20 - 5*d**4/6 + 5*d**3/3 - 5*d**2/2 - 235*d. Calculate o(9).
4
Let u(o) = o**3 + 4*o**2 - o - 1. Let w be u(-4). Let n(p) be the second derivative of p**4/12 - 2*p**3/3 + p**2 + 37*p + 5. Determine n(w).
-1
Suppose 2*r + 22 = 2*m, -73 = -5*m + r - 22. Let o(f) = -f**2 + 13*f + 3. Determine o(m).
33
Let p(b) = b - 7. Let c = -36 - -37. Let h be (0 + 1)*(9 - (3 + c)). What is p(h)?
-2
Let a(i) = -i**2 + 13*i - 3. Suppose 2*c = -32 + 58. Calculate a(c).
-3
Let q(i) = 5*i**2 + 10*i + 55. Let g(c) = 2*c**2 + 3*c + 19. Let s(p) = -8*g(p) + 3*q(p). What is s(9)?
-14
Let c(u) be the third derivative of u**5/60 - u**4/12 + 2*u**2. Let g(q) = -q**3 + 5*q**2 - q - 6. Let a be g(4). Suppose 3*l - a = 6. Determine c(l).
8
Let j = 12 - 8. Suppose -3*z = -3*p, -6*z + 2*z = -5*p + 3. Let q(k) = 2*k + z*k**2 - 9*k - j*k**2 + 6. Give q(-8).
-2
Suppose -5*y = -7*y + 6. Suppose -3*h - 4*u = -40, -3*h + 44 = 2*u + y*u. Suppose h = 4*d - 8. Let x(n) = -2*n**2 + 6*n - 4. Give x(d).
-12
Let h(o) = -3*o - 3. Suppose -9 + 0 = 4*t + b, 5*t = -3*b - 13. Determine h(t).
3
Let a(z) = z - 7. Let u be (-66)/(-17) + 12*(-13)/(-1326). Give a(u).
-3
Let r(s) = 6*s + 6*s + 9*s - 21*s + 1 + s. Let n(y) = y**3 - 3*y**2 - 5. Let d be n(4). Suppose -z = d - 5. Give r(z).
-5
Let c be (-736)/(-322) + (-4)/14. Let r(a) = a**2 + 1. What is r(c)?
5
Let h be (-2)/(2 - 0)*3. Suppose 4*d - 6 = -2*q, d = -d + 5*q + 33. Let g(w) = -3*w + d*w - 2*w + 4. Determine g(h).
7
Let c(u) = 12*u + 1. Let x(t) = 11*t + 2. Let p = -6 - -8. Let w(r) = p*x(r) - 3*c(r). Determine w(1).
-13
Let y(a) = 21 + 25 + 2*a - 2*a**3 - 14*a**2 - 41. Determine y(-7).
-9
Let k(q) be the first derivative of -1 + 1/6*q**3 - 7/2*q**2 + q. Let c(s) be the first derivative of k(s). Give c(6).
-1
Let s(i) = -39*i**2 + 10*i**2 + 6*i + 11*i**2 - 8 + 11*i**2 + 8*i**2. What is s(-7)?
-1
Let r(f) = -5*f + f - 11 - 